ctors of 28766?
2, 19, 757
What are the prime factors of 4815?
3, 5, 107
What are the prime factors of 25760?
2, 5, 7, 23
What are the prime factors of 3235?
5, 647
List the prime factors of 1367.
1367
List the prime factors of 6534.
2, 3, 11
What are the prime factors of 1231?
1231
What are the prime factors of 2163?
3, 7, 103
What are the prime factors of 4596?
2, 3, 383
List the prime factors of 91980.
2, 3, 5, 7, 73
What are the prime factors of 1401?
3, 467
What are the prime factors of 10717?
7, 1531
List the prime factors of 57150.
2, 3, 5, 127
List the prime factors of 19.
19
List the prime factors of 3537.
3, 131
List the prime factors of 452.
2, 113
What are the prime factors of 81686?
2, 11, 47, 79
What are the prime factors of 8817?
3, 2939
What are the prime factors of 179?
179
List the prime factors of 61678.
2, 30839
What are the prime factors of 969?
3, 17, 19
What are the prime factors of 2652?
2, 3, 13, 17
What are the prime factors of 19687?
19687
What are the prime factors of 8492?
2, 11, 193
List the prime factors of 11170.
2, 5, 1117
List the prime factors of 30588.
2, 3, 2549
What are the prime factors of 2394?
2, 3, 7, 19
What are the prime factors of 29055?
3, 5, 13, 149
List the prime factors of 8053.
8053
What are the prime factors of 72543?
3, 24181
What are the prime factors of 49451?
49451
What are the prime factors of 4475?
5, 179
List the prime factors of 32638.
2, 16319
What are the prime factors of 4943?
4943
What are the prime factors of 89445?
3, 5, 67, 89
What are the prime factors of 353?
353
List the prime factors of 8153.
31, 263
What are the prime factors of 2590?
2, 5, 7, 37
List the prime factors of 1206.
2, 3, 67
List the prime factors of 12733.
7, 17, 107
What are the prime factors of 2139?
3, 23, 31
What are the prime factors of 169?
13
List the prime factors of 961.
31
List the prime factors of 37894.
2, 18947
List the prime factors of 9618.
2, 3, 7, 229
List the prime factors of 1200.
2, 3, 5
List the prime factors of 2235.
3, 5, 149
List the prime factors of 57769.
41, 1409
What are the prime factors of 43715?
5, 7, 1249
What are the prime factors of 13929?
3, 4643
What are the prime factors of 2984?
2, 373
What are the prime factors of 736?
2, 23
What are the prime factors of 14117?
19, 743
What are the prime factors of 5609?
71, 79
What are the prime factors of 11024?
2, 13, 53
What are the prime factors of 930?
2, 3, 5, 31
List the prime factors of 27301.
23, 1187
What are the prime factors of 6699?
3, 7, 11, 29
What are the prime factors of 8323?
7, 29, 41
List the prime factors of 2618.
2, 7, 11, 17
What are the prime factors of 5782?
2, 7, 59
What are the prime factors of 2959?
11, 269
What are the prime factors of 3693?
3, 1231
List the prime factors of 14469.
3, 7, 13, 53
List the prime factors of 539.
7, 11
What are the prime factors of 3519?
3, 17, 23
List the prime factors of 720.
2, 3, 5
What are the prime factors of 947?
947
What are the prime factors of 3115?
5, 7, 89
What are the prime factors of 31929?
3, 29, 367
List the prime factors of 53844.
2, 3, 7, 641
What are the prime factors of 53952?
2, 3, 281
What are the prime factors of 9439?
9439
What are the prime factors of 23241?
3, 61, 127
List the prime factors of 37157.
73, 509
List the prime factors of 720.
2, 3, 5
What are the prime factors of 12753?
3, 13, 109
List the prime factors of 58435.
5, 13, 29, 31
List the prime factors of 6052.
2, 17, 89
What are the prime factors of 68478?
2, 3, 101, 113
What are the prime factors of 903?
3, 7, 43
List the prime factors of 1985.
5, 397
List the prime factors of 12661.
11, 1151
List the prime factors of 23037.
3, 7, 1097
What are the prime factors of 87863?
41, 2143
What are the prime factors of 14721?
3, 7, 701
What are the prime factors of 4646?
2, 23, 101
List the prime factors of 3198.
2, 3, 13, 41
What are the prime factors of 19099?
71, 269
List the prime factors of 6680.
2, 5, 167
What are the prime factors of 106374?
2, 3, 17729
What are the prime factors of 842?
2, 421
List the prime factors of 1144.
2, 11, 13
List the prime factors of 187522.
2, 93761
List the prime factors of 70916.
2, 17729
What are the prime factors of 14927?
11, 23, 59
List the prime factors of 9323.
9323
What are the prime factors of 1694?
2, 7, 11
List the prime factors of 3323.
3323
List the prime factors of 1362.
2, 3, 227
What are the prime factors of 11031?
3, 3677
List the prime factors of 1554.
2, 3, 7, 37
List the prime factors of 4989.
3, 1663
What are the prime factors of 34822?
2, 23, 757
List the prime factors of 41137.
31, 1327
What are the prime factors of 22246?
2, 7, 227
List the prime factors of 13628.
2, 3407
What are the prime factors of 3410?
2, 5, 11, 31
List the prime factors of 6598.
2, 3299
What are the prime factors of 855?
3, 5, 19
List the prime factors of 4422.
2, 3, 11, 67
List the prime factors of 12628.
2, 7, 11, 41
List the prime factors of 123679.
337, 367
List the prime factors of 897.
3, 13, 23
What are the prime factors of 127?
127
List the prime factors of 11625.
3, 5, 31
List the prime factors of 3422.
2, 29, 59
List the prime factors of 9806.
2, 4903
List the prime factors of 8383.
83, 101
List the prime factors of 70018.
2, 13, 2693
List the prime factors of 549.
3, 61
What are the prime factors of 1513?
17, 89
List the prime factors of 28280.
2, 5, 7, 101
What are the prime factors of 2550?
2, 3, 5, 17
List the prime factors of 1489.
1489
List the prime factors of 1382.
2, 691
What are the prime factors of 2328?
2, 3, 97
What are the prime factors of 3218?
2, 1609
List the prime factors of 4821.
3, 1607
List the prime factors of 328.
2, 41
What are the prime factors of 805?
5, 7, 23
List the prime factors of 9935.
5, 1987
List the prime factors of 503.
503
List the prime factors of 2051.
7, 293
What are the prime factors of 1636?
2, 409
What are the prime factors of 39683?
7, 5669
List the prime factors of 117255.
3, 5, 7817
What are the prime factors of 1975?
5, 79
What are the prime factors of 4069?
13, 313
List the prime factors of 28384.
2, 887
What are the prime factors of 35963?
35963
What are the prime factors of 48238?
2, 89, 271
What are the prime factors of 3867?
3, 1289
What are the prime factors of 44557?
17, 2621
List the prime factors of 18334.
2, 89, 103
What are the prime factors of 2215?
5, 443
What are the prime factors of 871?
13, 67
What are the prime factors of 561?
3, 11, 17
What are the prime factors of 3468?
2, 3, 17
List the prime factors of 1793.
11, 163
List the prime factors of 2629.
11, 239
What are the prime factors of 67250?
2, 5, 269
List the prime factors of 1128.
2, 3, 47
What are the prime factors of 3323?
3323
What are the prime factors of 161489?
167, 967
List the prime factors of 4875.
3, 5, 13
List the prime factors of 109108.
2, 27277
List the prime factors of 1762.
2, 881
What are the prime factors of 100598?
2, 179, 281
What are the prime factors of 65544?
2, 3, 2731
List the prime factors of 218.
2, 109
What are the prime factors of 34339?
23, 1493
List the prime factors of 14886.
2, 3, 827
What are the prime factors of 17280?
2, 3, 5
What are the prime factors of 617?
617
List the prime factors of 37247.
7, 17, 313
What are the prime factors of 9929?
9929
What are the prime factors of 2162?
2, 23, 47
What are the prime factors of 1411?
17, 83
What are the prime factors of 4444?
2, 11, 101
List the prime factors of 2127.
3, 709
What are the prime factors of 31018?
2, 13, 1193
What are the prime factors of 3917?
3917
List the prime factors of 8776.
2, 1097
List the prime factors of 51204.
2, 3, 17, 251
What are the prime factors of 6?
2, 3
What are the prime factors of 174089?
107, 1627
List the prime factors of 38816.
2, 1213
List the prime factors of 34791.
3, 11597
What are the prime factors of 7802?
2, 47, 83
List the prime factors of 3864.
2, 3, 7, 23
What are the prime factors of 34511?
34511
What are the prime factors of 2725?
5, 109
What are the prime factors of 1983?
3, 661
List the prime factors of 23005.
5, 43, 107
List the prime factors of 9500.
2, 5, 19
List the prime factors of 4060.
2, 5, 7, 29
What are the prime factors of 10153?
11, 13, 71
What are the prime factors of 148?
2, 37
What are the pr